[INFO] cloning repository https://github.com/jessica-jordan/diamanias-backend
[INFO] running `Command { std: "git" "-c" "credential.helper=" "-c" "credential.helper=/workspace/cargo-home/bin/git-credential-null" "clone" "--bare" "https://github.com/jessica-jordan/diamanias-backend" "/workspace/cache/git-repos/https%3A%2F%2Fgithub.com%2Fjessica-jordan%2Fdiamanias-backend", kill_on_drop: false }`
[INFO] [stderr] Cloning into bare repository '/workspace/cache/git-repos/https%3A%2F%2Fgithub.com%2Fjessica-jordan%2Fdiamanias-backend'...
[INFO] running `Command { std: "git" "rev-parse" "HEAD", kill_on_drop: false }`
[INFO] [stdout] 56c078cb990512741e1d18a9a4201b0fca139364
[INFO] checking jessica-jordan/diamanias-backend against master#af3c6e733a40e671550e0f0f5aeecaa13772ba56 for pr-74989
[INFO] running `Command { std: "git" "clone" "/workspace/cache/git-repos/https%3A%2F%2Fgithub.com%2Fjessica-jordan%2Fdiamanias-backend" "/workspace/builds/worker-5/source", kill_on_drop: false }`
[INFO] [stderr] Cloning into '/workspace/builds/worker-5/source'...
[INFO] [stderr] done.
[INFO] validating manifest of git repo https://github.com/jessica-jordan/diamanias-backend on toolchain af3c6e733a40e671550e0f0f5aeecaa13772ba56
[INFO] running `Command { std: "/workspace/cargo-home/bin/cargo" "+af3c6e733a40e671550e0f0f5aeecaa13772ba56" "read-manifest" "--manifest-path" "Cargo.toml", kill_on_drop: false }`
[INFO] started tweaking git repo https://github.com/jessica-jordan/diamanias-backend
[INFO] finished tweaking git repo https://github.com/jessica-jordan/diamanias-backend
[INFO] tweaked toml for git repo https://github.com/jessica-jordan/diamanias-backend written to /workspace/builds/worker-5/source/Cargo.toml
[INFO] crate git repo https://github.com/jessica-jordan/diamanias-backend already has a lockfile, it will not be regenerated
[INFO] running `Command { std: "/workspace/cargo-home/bin/cargo" "+af3c6e733a40e671550e0f0f5aeecaa13772ba56" "fetch" "--locked" "--manifest-path" "Cargo.toml", kill_on_drop: false }`
[INFO] [stderr]     Blocking waiting for file lock on package cache
[INFO] running `Command { std: "docker" "create" "-v" "/var/lib/crater-agent-workspace/builds/worker-5/target:/opt/rustwide/target:rw,Z" "-v" "/var/lib/crater-agent-workspace/builds/worker-5/source:/opt/rustwide/workdir:ro,Z" "-v" "/var/lib/crater-agent-workspace/cargo-home:/opt/rustwide/cargo-home:ro,Z" "-v" "/var/lib/crater-agent-workspace/rustup-home:/opt/rustwide/rustup-home:ro,Z" "-e" "SOURCE_DIR=/opt/rustwide/workdir" "-e" "CARGO_TARGET_DIR=/opt/rustwide/target" "-e" "CARGO_HOME=/opt/rustwide/cargo-home" "-e" "RUSTUP_HOME=/opt/rustwide/rustup-home" "-w" "/opt/rustwide/workdir" "-m" "1610612736" "--user" "0:0" "--network" "none" "rustops/crates-build-env@sha256:d92eaeed33fa75130ca1ee6c8a01d1ffb62bac859dfdfb3450e3e5d1c0146529" "/opt/rustwide/cargo-home/bin/cargo" "+af3c6e733a40e671550e0f0f5aeecaa13772ba56" "metadata" "--no-deps" "--format-version=1", kill_on_drop: false }`
[INFO] [stdout] af2d6eea7dce777621950aca9e480cbd60014be98cc2f95c85a743c6cf8faae7
[INFO] [stderr] WARNING: Your kernel does not support swap limit capabilities or the cgroup is not mounted. Memory limited without swap.
[INFO] running `Command { std: "docker" "start" "-a" "af2d6eea7dce777621950aca9e480cbd60014be98cc2f95c85a743c6cf8faae7", kill_on_drop: false }`
[INFO] running `Command { std: "docker" "inspect" "af2d6eea7dce777621950aca9e480cbd60014be98cc2f95c85a743c6cf8faae7", kill_on_drop: false }`
[INFO] running `Command { std: "docker" "rm" "-f" "af2d6eea7dce777621950aca9e480cbd60014be98cc2f95c85a743c6cf8faae7", kill_on_drop: false }`
[INFO] [stdout] af2d6eea7dce777621950aca9e480cbd60014be98cc2f95c85a743c6cf8faae7
[INFO] running `Command { std: "docker" "create" "-v" "/var/lib/crater-agent-workspace/builds/worker-5/target:/opt/rustwide/target:rw,Z" "-v" "/var/lib/crater-agent-workspace/builds/worker-5/source:/opt/rustwide/workdir:ro,Z" "-v" "/var/lib/crater-agent-workspace/cargo-home:/opt/rustwide/cargo-home:ro,Z" "-v" "/var/lib/crater-agent-workspace/rustup-home:/opt/rustwide/rustup-home:ro,Z" "-e" "SOURCE_DIR=/opt/rustwide/workdir" "-e" "CARGO_TARGET_DIR=/opt/rustwide/target" "-e" "CARGO_INCREMENTAL=0" "-e" "RUST_BACKTRACE=full" "-e" "RUSTFLAGS=--cap-lints=forbid" "-e" "CARGO_HOME=/opt/rustwide/cargo-home" "-e" "RUSTUP_HOME=/opt/rustwide/rustup-home" "-w" "/opt/rustwide/workdir" "-m" "1610612736" "--user" "0:0" "--network" "none" "rustops/crates-build-env@sha256:d92eaeed33fa75130ca1ee6c8a01d1ffb62bac859dfdfb3450e3e5d1c0146529" "/opt/rustwide/cargo-home/bin/cargo" "+af3c6e733a40e671550e0f0f5aeecaa13772ba56" "check" "--frozen" "--all" "--all-targets" "--message-format=json", kill_on_drop: false }`
[INFO] [stderr] WARNING: Your kernel does not support swap limit capabilities or the cgroup is not mounted. Memory limited without swap.
[INFO] [stdout] 0a71bb4927107a47f76f4c2b72fa49429764aec916045cb024e1b8ba20815c77
[INFO] running `Command { std: "docker" "start" "-a" "0a71bb4927107a47f76f4c2b72fa49429764aec916045cb024e1b8ba20815c77", kill_on_drop: false }`
[INFO] [stderr]     Checking libc v0.2.42
[INFO] [stderr]    Compiling version_check v0.1.4
[INFO] [stderr]     Checking cfg-if v0.1.4
[INFO] [stderr]    Compiling cc v1.0.18
[INFO] [stderr]     Checking futures v0.1.23
[INFO] [stderr]     Checking byteorder v1.2.4
[INFO] [stderr]    Compiling winapi-build v0.1.1
[INFO] [stderr]     Checking encoding_index_tests v0.1.4
[INFO] [stderr]     Checking slab v0.4.1
[INFO] [stderr]     Checking void v1.0.2
[INFO] [stderr]     Checking lazycell v0.6.0
[INFO] [stderr]     Checking nodrop v0.1.12
[INFO] [stderr]     Checking memoffset v0.2.1
[INFO] [stderr]     Checking winapi v0.2.8
[INFO] [stderr]     Checking matches v0.1.7
[INFO] [stderr]     Checking rustc-demangle v0.1.9
[INFO] [stderr]    Compiling backtrace v0.2.3
[INFO] [stderr]     Checking unicode-normalization v0.1.7
[INFO] [stderr]    Compiling siphasher v0.2.3
[INFO] [stderr]    Compiling failure_derive v0.1.2
[INFO] [stderr]     Checking ucd-util v0.1.1
[INFO] [stderr]    Compiling regex v1.0.2
[INFO] [stderr]     Checking itoa v0.4.2
[INFO] [stderr]    Compiling num-traits v0.2.5
[INFO] [stderr]     Checking crossbeam-utils v0.5.0
[INFO] [stderr]    Compiling serde v1.0.70
[INFO] [stderr]     Checking linked-hash-map v0.4.2
[INFO] [stderr]     Checking rand_core v0.2.1
[INFO] [stderr]     Checking fnv v1.0.6
[INFO] [stderr]    Compiling httparse v1.3.2
[INFO] [stderr]     Checking untrusted v0.6.2
[INFO] [stderr]     Checking safemem v0.2.0
[INFO] [stderr]     Checking utf8-ranges v1.0.0
[INFO] [stderr]     Checking indexmap v1.0.1
[INFO] [stderr]     Checking string v0.1.1
[INFO] [stderr]     Checking dtoa v0.4.3
[INFO] [stderr]     Checking difference v2.0.0
[INFO] [stderr]     Checking predicates-core v0.9.0
[INFO] [stderr]     Checking normalize-line-endings v0.2.2
[INFO] [stderr]     Checking sha1 v0.6.0
[INFO] [stderr]     Checking language-tags v0.2.2
[INFO] [stderr]     Checking lazycell v1.0.0
[INFO] [stderr]     Checking htmlescape v0.3.1
[INFO] [stderr]    Compiling proc-macro2 v0.4.9
[INFO] [stderr]     Checking encoding-index-tradchinese v1.20141219.5
[INFO] [stderr]     Checking encoding-index-korean v1.20141219.5
[INFO] [stderr]     Checking encoding-index-simpchinese v1.20141219.5
[INFO] [stderr]     Checking encoding-index-japanese v1.20141219.5
[INFO] [stderr]     Checking encoding-index-singlebyte v1.20141219.5
[INFO] [stderr]     Checking log v0.4.3
[INFO] [stderr]     Checking crossbeam-utils v0.3.2
[INFO] [stderr]     Checking unreachable v1.0.0
[INFO] [stderr]     Checking arrayvec v0.4.7
[INFO] [stderr]     Checking unicode-bidi v0.3.4
[INFO] [stderr]     Checking owning_ref v0.3.3
[INFO] [stderr]     Checking regex-syntax v0.6.2
[INFO] [stderr]    Compiling dbghelp-sys v0.2.0
[INFO] [stderr]    Compiling kernel32-sys v0.2.2
[INFO] [stderr]     Checking lru-cache v0.1.1
[INFO] [stderr]     Checking base64 v0.9.2
[INFO] [stderr]    Compiling lazy_static v1.1.0
[INFO] [stderr]    Compiling unicase v1.4.2
[INFO] [stderr]    Compiling unicase v2.1.0
[INFO] [stderr]    Compiling actix-web v0.7.3
[INFO] [stderr]     Checking iovec v0.1.2
[INFO] [stderr]     Checking rand v0.4.2
[INFO] [stderr]     Checking net2 v0.2.33
[INFO] [stderr]     Checking num_cpus v1.8.0
[INFO] [stderr]     Checking hostname v0.1.5
[INFO] [stderr]     Checking memchr v2.0.1
[INFO] [stderr]     Checking socket2 v0.3.7
[INFO] [stderr]     Checking rand v0.5.4
[INFO] [stderr]     Checking time v0.1.40
[INFO] [stderr]     Checking listenfd v0.3.3
[INFO] [stderr]     Checking smallvec v0.6.3
[INFO] [stderr]     Checking lock_api v0.1.3
[INFO] [stderr]     Checking encoding v0.2.33
[INFO] [stderr]    Compiling quote v0.6.5
[INFO] [stderr]     Checking bytes v0.4.9
[INFO] [stderr]     Checking aho-corasick v0.6.6
[INFO] [stderr]     Checking resolv-conf v0.6.1
[INFO] [stderr]     Checking mio v0.6.15
[INFO] [stderr]    Compiling syn v0.14.7
[INFO] [stderr]     Checking idna v0.1.5
[INFO] [stderr]     Checking tokio-executor v0.1.2
[INFO] [stderr]     Checking futures-cpupool v0.1.8
[INFO] [stderr]    Compiling backtrace-sys v0.1.23
[INFO] [stderr]    Compiling brotli-sys v0.3.2
[INFO] [stderr]    Compiling miniz-sys v0.1.10
[INFO] [stderr]    Compiling ring v0.13.2
[INFO] [stderr]     Checking tokio-io v0.1.7
[INFO] [stderr]     Checking http v0.1.8
[INFO] [stderr]    Compiling phf_shared v0.7.22
[INFO] [stderr]     Checking parking_lot_core v0.2.14
[INFO] [stderr]     Checking uuid v0.6.5
[INFO] [stderr]     Checking crossbeam-epoch v0.4.3
[INFO] [stderr]     Checking thread_local v0.3.5
[INFO] [stderr]     Checking crossbeam-epoch v0.5.2
[INFO] [stderr]     Checking mime v0.3.8
[INFO] [stderr]     Checking tokio-timer v0.2.4
[INFO] [stderr]     Checking url v1.7.1
[INFO] [stderr]    Compiling phf_generator v0.7.22
[INFO] [stderr]     Checking phf v0.7.22
[INFO] [stderr]     Checking tokio-codec v0.1.0
[INFO] [stderr]     Checking float-cmp v0.4.0
[INFO] [stderr]     Checking tokio-reactor v0.1.2
[INFO] [stderr]     Checking mio-uds v0.6.6
[INFO] [stderr]    Compiling phf_codegen v0.7.22
[INFO] [stderr]     Checking parking_lot v0.6.3
[INFO] [stderr]     Checking crossbeam-deque v0.3.1
[INFO] [stderr]    Compiling mime_guess v2.0.0-alpha.6
[INFO] [stderr]     Checking flate2 v1.0.2
[INFO] [stderr]     Checking tokio-threadpool v0.1.5
[INFO] [stderr]     Checking crossbeam-channel v0.2.4
[INFO] [stderr]     Checking tokio-tcp v0.1.0
[INFO] [stderr]     Checking tokio-udp v0.1.1
[INFO] [stderr]     Checking tokio-signal v0.2.1
[INFO] [stderr]     Checking backtrace v0.3.9
[INFO] [stderr]     Checking error-chain v0.1.12
[INFO] [stderr]     Checking trust-dns-proto v0.4.0
[INFO] [stderr]     Checking tokio-fs v0.1.2
[INFO] [stderr]     Checking tokio v0.1.7
[INFO] [stderr]     Checking h2 v0.1.11
[INFO] [stderr]     Checking predicates v0.9.0
[INFO] [stderr]     Checking trust-dns-resolver v0.9.0
[INFO] [stderr]     Checking cookie v0.11.0
[INFO] [stderr]     Checking serde_json v1.0.24
[INFO] [stderr]     Checking brotli2 v0.3.2
[INFO] [stderr]    Compiling synstructure v0.9.0
[INFO] [stderr]    Compiling actix_derive v0.3.0
[INFO] [stderr]     Checking failure v0.1.2
[INFO] [stderr]     Checking actix v0.7.3
[INFO] [stderr]     Checking diamanias-backend v0.1.0 (/opt/rustwide/workdir)
[INFO] [stdout] error[E0433]: failed to resolve: use of undeclared type or module `http`
[INFO] [stdout]   --> src/main.rs:19:18
[INFO] [stdout]    |
[INFO] [stdout] 19 |         r.method(http::Method::GET).f(|_| HttpResponse::Ok());
[INFO] [stdout]    |                  ^^^^ use of undeclared type or module `http`
[INFO] [stdout] 
[INFO] [stdout] 
[INFO] [stdout] error[E0433]: failed to resolve: use of undeclared type or module `http`
[INFO] [stdout]   --> src/main.rs:19:18
[INFO] [stdout]    |
[INFO] [stdout] 19 |         r.method(http::Method::GET).f(|_| HttpResponse::Ok());
[INFO] [stdout]    |                  ^^^^ use of undeclared type or module `http`
[INFO] [stdout] 
[INFO] [stdout] 
[INFO] [stdout] error[E0433]: failed to resolve: use of undeclared type or module `http`
[INFO] [stdout]   --> src/main.rs:20:18
[INFO] [stdout]    |
[INFO] [stdout] 20 |         r.method(http::Method::POST).f(handle_post);
[INFO] [stdout]    |                  ^^^^ use of undeclared type or module `http`
[INFO] [stdout] 
[INFO] [stdout] 
[INFO] [stdout] error[E0433]: failed to resolve: use of undeclared type or module `HttpResponse`
[INFO] [stdout]   --> src/main.rs:19:43
[INFO] [stdout]    |
[INFO] [stdout] 19 |         r.method(http::Method::GET).f(|_| HttpResponse::Ok());
[INFO] [stdout]    |                                           ^^^^^^^^^^^^ not found in this scope
[INFO] [stdout]    |
[INFO] [stdout] help: consider importing this struct
[INFO] [stdout]    |
[INFO] [stdout] 4  | use actix_web::HttpResponse;
[INFO] [stdout]    |
[INFO] [stdout] 
[INFO] [stdout] 
[INFO] [stdout] error[E0433]: failed to resolve: use of undeclared type or module `http`
[INFO] [stdout]   --> src/main.rs:20:18
[INFO] [stdout]    |
[INFO] [stdout] 20 |         r.method(http::Method::POST).f(handle_post);
[INFO] [stdout]    |                  ^^^^ use of undeclared type or module `http`
[INFO] [stdout] 
[INFO] [stdout] 
[INFO] [stdout] error[E0433]: failed to resolve: use of undeclared type or module `HttpResponse`
[INFO] [stdout]   --> src/main.rs:19:43
[INFO] [stdout]    |
[INFO] [stdout] 19 |         r.method(http::Method::GET).f(|_| HttpResponse::Ok());
[INFO] [stdout]    |                                           ^^^^^^^^^^^^ not found in this scope
[INFO] [stdout]    |
[INFO] [stdout] help: consider importing this struct
[INFO] [stdout]    |
[INFO] [stdout] 4  | use actix_web::HttpResponse;
[INFO] [stdout]    |
[INFO] [stdout] 
[INFO] [stdout] 
[INFO] [stdout] error[E0277]: `()` is not an iterator
[INFO] [stdout]   --> src/main.rs:13:20
[INFO] [stdout]    |
[INFO] [stdout] 13 |   let mut server = server::new(|| {
[INFO] [stdout]    |                    ^^^^^^^^^^^ `()` is not an iterator
[INFO] [stdout]    | 
[INFO] [stdout]   ::: /opt/rustwide/cargo-home/registry/src/github.com-1ecc6299db9ec823/actix-web-0.7.3/src/server/mod.rs:69:8
[INFO] [stdout]    |
[INFO] [stdout] 69 |     U: IntoIterator<Item = H> + 'static,
[INFO] [stdout]    |        ---------------------- required by this bound in `new`
[INFO] [stdout]    |
[INFO] [stdout]    = help: the trait `Iterator` is not implemented for `()`
[INFO] [stdout]    = note: required because of the requirements on the impl of `IntoIterator` for `()`
[INFO] [stdout] 
[INFO] [stdout] 
[INFO] [stdout] error: aborting due to 4 previous errors
[INFO] [stdout] 
[INFO] [stdout] 
[INFO] [stdout] Some errors have detailed explanations: E0277, E0433.
[INFO] [stdout] 
[INFO] [stdout] For more information about an error, try `rustc --explain E0277`.
[INFO] [stdout] 
[INFO] [stderr] error: could not compile `diamanias-backend`.
[INFO] [stderr] 
[INFO] [stderr] To learn more, run the command again with --verbose.
[INFO] [stderr] warning: build failed, waiting for other jobs to finish...
[INFO] [stdout] error[E0277]: `()` is not an iterator
[INFO] [stdout]   --> src/main.rs:13:20
[INFO] [stdout]    |
[INFO] [stdout] 13 |   let mut server = server::new(|| {
[INFO] [stdout]    |                    ^^^^^^^^^^^ `()` is not an iterator
[INFO] [stdout]    | 
[INFO] [stdout]   ::: /opt/rustwide/cargo-home/registry/src/github.com-1ecc6299db9ec823/actix-web-0.7.3/src/server/mod.rs:69:8
[INFO] [stdout]    |
[INFO] [stdout] 69 |     U: IntoIterator<Item = H> + 'static,
[INFO] [stdout]    |        ---------------------- required by this bound in `new`
[INFO] [stdout]    |
[INFO] [stdout]    = help: the trait `Iterator` is not implemented for `()`
[INFO] [stdout]    = note: required because of the requirements on the impl of `IntoIterator` for `()`
[INFO] [stdout] 
[INFO] [stdout] 
[INFO] [stdout] error: aborting due to 4 previous errors
[INFO] [stdout] 
[INFO] [stdout] 
[INFO] [stdout] Some errors have detailed explanations: E0277, E0433.
[INFO] [stdout] 
[INFO] [stdout] For more information about an error, try `rustc --explain E0277`.
[INFO] [stdout] 
[INFO] [stderr] error: build failed
[INFO] running `Command { std: "docker" "inspect" "0a71bb4927107a47f76f4c2b72fa49429764aec916045cb024e1b8ba20815c77", kill_on_drop: false }`
[INFO] running `Command { std: "docker" "rm" "-f" "0a71bb4927107a47f76f4c2b72fa49429764aec916045cb024e1b8ba20815c77", kill_on_drop: false }`
[INFO] [stdout] 0a71bb4927107a47f76f4c2b72fa49429764aec916045cb024e1b8ba20815c77
